hat are the prime factors of g?
3, 7, 13
Let y(z) = 594*z + 7 + z**2 - 594*z. List the prime factors of y(0).
7
Let w be 21*((-24)/(-9) - 3). What are the prime factors of 140 + 2 + 0 + (w - -8)?
11, 13
Suppose 0 = -0*v + 2*v - r - 37, v - 3*r - 16 = 0. Let x be -3*(0 + (-9)/(-3)). Let u = v + x. List the prime factors of u.
2, 5
Let u(w) = -w**2 + 150*w - 528. What are the prime factors of u(68)?
2, 631
Suppose -107 = m + 5*i, 0*i = 5*m - 4*i + 419. Let l = m + 148. What are the prime factors of l?
61
Suppose 3*a - 2*a = -3*b - 6, 2*a - 4*b - 8 = 0. Let u(g) = -g**2 - g + 51. List the prime factors of u(a).
3, 17
Let m = 527 - 783. Let z = -69 - m. Suppose -3*t - 22 = -z. List the prime factors of t.
5, 11
Suppose -2*p + 5*p - 3*m - 3474 = 0, 0 = -p - 5*m + 1176. List the prime factors of p.
3, 43
Let q be ((-2)/(-2) + 2)*2. Let i(h) = 0*h**3 + 5*h - 16 - h**3 + 26 + 6*h**2. What are the prime factors of i(q)?
2, 5
Suppose -116 = 4*r + 88. Let u = 174 + r. What are the prime factors of u?
3, 41
Let v(k) = k**3 + 12*k**2 - 16*k + 5. Let q be v(-13). What are the prime factors of 21/(-14)*q/(-3)?
2, 11
Let f(s) = 2*s**2 - 3*s + 2. Suppose 4 = -3*p + 4*p. List the prime factors of f(p).
2, 11
Suppose 18*b = 2*p + 19*b - 49, -102 = -4*p + 2*b. What are the prime factors of p?
5
Let b(u) be the second derivative of -13*u**3/6 - u**2 - 10*u. What are the prime factors of b(-6)?
2, 19
Let z(c) = -c**3 - 7*c**2 - 4*c - 6. Let q be z(-8). Let w = q - 39. What are the prime factors of w?
3, 17
Let d(p) = p**3 + 6*p**2 - 5*p + 10. Let a be d(-5). Let k = a - 25. List the prime factors of k.
5, 7
List the prime factors of (-3 + 11)*(-753)/(-6).
2, 251
Let o = -4 + 6. Suppose -66 - 38 = -o*n. List the prime factors of n.
2, 13
Let o = -46 + 28. What are the prime factors of 1048/18 - o/(-81)?
2, 29
Suppose 9*d - 4*d + 175 = 0. Let v(b) = b**3 + 9*b**2 + 11*b - 18. Let r be v(-6). Let u = r - d. What are the prime factors of u?
59
Let r(b) be the first derivative of b**4/4 + 11*b**3/3 - 3*b**2/2 - 3*b + 30. List the prime factors of r(-10).
127
Let l(x) = 27*x + 17. Let b(n) = -n + 1. Let v be b(-3). What are the prime factors of l(v)?
5
Suppose 816*z - 815*z - 152 = 0. List the prime factors of z.
2, 19
Suppose -39 = 4*j + 9*j. What are the prime factors of 1*273/(-9)*j + 4?
5, 19
Let r(x) = -50*x**3 - 6*x**2 + 19*x + 45. List the prime factors of r(-3).
2, 3, 107
Suppose 0 = 47*a - 57*a + 25210. What are the prime factors of a?
2521
Suppose -4*y = -2*y - 1374. List the prime factors of y.
3, 229
Let a = 499 - 415. What are the prime factors of a?
2, 3, 7
Let j = -823 - -1438. List the prime factors of j.
3, 5, 41
Let g be (-1 - (-2 + 1)) + -2. Let n = g - -2. Suppose -3*m + 14 + 19 = n. What are the prime factors of m?
11
Let q = -109 + 114. Suppose 5*g + m = 48 - 13, 0 = q*m. List the prime factors of g.
7
Let h be 1640/48 - (-1)/(-6). Suppose 0 = m + 14 - h. What are the prime factors of m?
2, 5
Let x be 21 - (-7)/(21/(-9)). Let t = 18 - x. Suppose 64 = b + 5*v, t*v = 4*b + 4*v - 176. What are the prime factors of b?
3, 13
Let m be (4/5 - 4/5)*1. Suppose 3*y - 350 = -m*y + r, 2*y - r = 235. List the prime factors of y.
5, 23
Let l = -11 - -16. Suppose u = -4*k + k + 136, -2*u = -l*k + 212. What are the prime factors of k?
2, 11
Let b(w) = w + 26. Let j be b(-19). Let z = 12 + j. What are the prime factors of z?
19
Let d = 22 - 19. Let i(l) = -l**3 - 2*l**2 + l + 3. Let f be i(d). Let p = 55 + f. What are the prime factors of p?
2
Let i = 1 + 1. Let s be (1/i)/((-8)/(-16)). Let a = s + 7. What are the prime factors of a?
2
Let n(j) = 4*j. Let g be n(1). Suppose 2*x + 10 = -4*b + 34, 11 = 3*b - 2*x. Suppose -4*q + c + 11 = -b, -g*c + 1 = -3*q. List the prime factors of q.
5
Let m(f) = -f**3 - 7*f**2 + 31*f - 42. What are the prime factors of m(-17)?
11, 211
Suppose -2*r + 691 = 209. List the prime factors of r.
241
Let z(r) = -r**2 - 11*r + 15. Let t be z(-11). Let v = 19 - t. Suppose -v*x + 0*x = -112. List the prime factors of x.
2, 7
Suppose 8*z - 9*z + 4 = 0. Suppose 228 = 4*v + j, -v + 94 = z*j + 22. What are the prime factors of v?
2, 7
Suppose -4*g + 414 = -3*g. List the prime factors of g.
2, 3, 23
Let v be (-10)/(-4) + 1/2. Suppose -i - 228 = -3*i - 4*l, l + 438 = 4*i. Suppose -v*d - 2*d = -i. What are the prime factors of d?
2, 11
Suppose 3*t - 171 = -3*j, 3*t + 18 - 199 = -5*j. What are the prime factors of t?
2, 13
Let r(p) = -22 - 5*p - 28 + 18. What are the prime factors of r(-13)?
3, 11
Suppose -4*g + 4*y + 4864 = 0, y + y = 4*g - 4874. What are the prime factors of g?
3, 11, 37
Suppose -24*l = -19*l - 27230. List the prime factors of l.
2, 7, 389
Let d(k) = -79*k**2. Let s be d(-2). Let a = s - -445. Suppose -4*t = -0*t + f - a, -171 = -5*t + 2*f. What are the prime factors of t?
3, 11
Suppose -182 - 638 = -5*h. Let u = h + -61. What are the prime factors of u?
103
Let j(u) = -46*u**3 + 5*u**2 + 10*u + 38. What are the prime factors of j(-4)?
2, 1511
Let b = 3 + 17. Let a be 56/b + 1/5. Suppose -2*d + 5*j = -a*d + 61, -5*d + 4*j = -334. What are the prime factors of d?
2, 3, 11
Suppose 5*w - 53 = -3*l + 42, 0 = -5*l. Suppose -w - 85 = -2*q. What are the prime factors of q?
2, 13
Let o be 38*1*7/((-49)/14). Let h = 199 + o. What are the prime factors of h?
3, 41
Let t be 9/(1*(-2 - -1)). Let l(n) = n**3 + 8*n**2 - 10*n - 12. Let q be l(t). What are the prime factors of 17/3 - (-2)/q?
5
Let a be (-1 - (2 + -7))/(-2). List the prime factors of (a + 11)*5/60*4.
3
Let z(d) = d**3 - 21*d**2 - 21*d. Let p be z(22). Suppose p = c + 2*b - 45, -3*b + 198 = 3*c. What are the prime factors of c?
5, 13
Let t(s) = -3*s**2 + 2*s + 193. What are the prime factors of t(0)?
193
Let c(w) = w**3 + 44*w**2 + 155*w + 166. What are the prime factors of c(-40)?
2, 3, 61
Let c = -8 + 35. Suppose 0 = 4*w - 29 - c. Suppose q = 1 + w. What are the prime factors of q?
3, 5
Let a = -36 - -36. Let u(h) = -h**2 + 2*h + 155. List the prime factors of u(a).
5, 31
List the prime factors of (-24)/(-15)*(17490/(-12))/(-11).
2, 53
Let g = 672 + -452. Suppose -9*l + 5*l = -g. What are the prime factors of l?
5, 11
Suppose 5*d + 12 = 8*d. Suppose -268 = -d*c + 208. What are the prime factors of c?
7, 17
Suppose -14*h - 508 = -15*h. List the prime factors of h.
2, 127
Let f(o) = -o**2 - 7*o - 3. Let h be f(-5). Let k = 1 - h. Let b = k - -13. List the prime factors of b.
7
Let w = 28 - 28. Suppose 5*r - 9*r + 8 = w. Let c = r - -27. List the prime factors of c.
29
Suppose -4*q - 8*i = -4*i - 1048, -i = -4. What are the prime factors of q?
2, 3, 43
Let v(l) = -498*l**3 - l**2 - 2*l - 1. Let d be v(-1). Suppose -78 - d = -6*t. Let y = t - 12. What are the prime factors of y?
2, 3, 7
Let q(s) = 36*s - 91. List the prime factors of q(37).
17, 73
Let y = 209 - 107. Let m be y/2*8/24. Suppose -5*l + 252 - m = 0. List the prime factors of l.
47
Let m = -801 - -1397. What are the prime factors of m?
2, 149
Let g(r) = 123*r**3 - 5*r - 12. Let o(a) = 41*a**3 - 2*a - 4. Let k(s) = 3*g(s) - 8*o(s). What are the prime factors of k(2)?
2, 163
Let c(u) = u - 5. Suppose -5*x = -7*v + 2*v + 50, 13 = v - 2*x. Let b be c(v). List the prime factors of b/(-3) - 100/(-6).
2
Let q = -70 + 82. Suppose 6*n + 78 = q*n. List the prime factors of n.
13
Let h = -62 + 507. List the prime factors of h.
5, 89
Suppose -l + x + 15 = 2*l, 0 = 4*l + 5*x - 20. Suppose -l*a - 3*u = 13, -2*a - 3*u - 6 = -u. List the prime factors of 1168/28 - a/7.
2, 3, 7
Suppose 9672 = 4*x - 5*z, x - 3*z = -224 + 2649. List the prime factors of x.
19, 127
Let f = -83 - -74. Suppose 7 + 28 = z. Let s = f + z. List the prime factors of s.
2, 13
Suppose 2*a + 5*h = 29, -2*h - 2*h + 10 = -5*a. Let j(z) = 4*z - z**2 + 0*z**a + 3*z. List the prime factors of j(5).
2, 5
Let r(x) = 34*x**2 - 3*x - 3. List the prime factors of r(-4).
7, 79
Let w = -394 + 1014. What are the prime factors of w?
2, 5, 31
Suppose 21 = c - 9. Suppose m = -m - c. Let s = m + 36. What are the prime factors of s?
3, 7
Let j(r) = -r**3 + 7*r**2 - 5*r - 3. Let t be j(6). Suppose -7*p + t*p = 2*g - 42, 0 = -2*g + 2*p + 42. What are the prime factors of g?
3, 7
Suppose 4*j = 8*j - 3*x - 11641, -3*x + 11623 = 4*j. List the prime factors of j.
2, 727
Let q be (-4)/(-